)/(-9 + 4)*13/2?
23
Let b be (244/(-8) - 6)*-18. Let n = 685 - b. Calculate the remainder when 34 is divided by n.
6
Let q(p) = -66*p + 24. Let b be q(1). Let z = 94 + b. What is the remainder when 202*1 + 1 - -2 is divided by z?
49
Suppose -1000*l + 2361 = -997*l. What is the remainder when l is divided by 26?
7
Let w be (-3)/4*12*4/(-18). Suppose w*b + 66 = 5*z, -8*z + 27 = -5*z + 3*b. Suppose 4*v = 6*v - 92. Calculate the remainder when v is divided by z.
10
Let r(k) = -3*k**2 + 53*k + 9. Let j(n) = n**2 - 2*n - 2. Let s(l) = 2*j(l) + r(l). What is the remainder when s(44) is divided by 38?
35
Let i(h) = -2*h**2 + 45*h + 40. What is the remainder when 282 is divided by i(19)?
109
Suppose -4*i + 21*v = 26*v - 13, -v = 3*i - 7. Suppose -b + i - 5 = 0, 0 = -3*x - 4*b + 147. What is the remainder when x is divided by 9?
8
Suppose -r = 5*r - 2988. Let v = -252 + r. Calculate the remainder when 162 is divided by (-3*v/9)/(-2).
39
Suppose 7*k - 5*t = 4*k + 152, 4*k + 5*t - 226 = 0. Suppose -24 = -3*a - 3*d, -4*a + k - 13 = d. What is the remainder when 32 is divided by a?
10
Let c(j) = -2*j + 46. Let p be c(8). Calculate the remainder when (-131 + -2 + 2)/(29 - p) is divided by 12.
11
Suppose -140*d - 85023 = -818903. Calculate the remainder when d is divided by 181.
174
Let p = -1013 + 1027. What is the remainder when 991 is divided by p?
11
Suppose 179*n = 51*n + 162688. What is the remainder when n is divided by 18?
11
Let z = -343 - -502. What is the remainder when 497 is divided by z?
20
Let w be 12/(-2) - -5 - -4. Suppose w*m + d = 43, -2*m + 3*d = d - 42. What is the remainder when 93 is divided by m?
13
Let j(t) = 4*t**3 - 4*t**2 + 9*t + 8. Calculate the remainder when 163 is divided by j(3).
56
Let t = 52 + -50. Suppose 28 = 2*z + 4*v, -t*z - 5*v = 3*z - 45. Suppose -5*q - 1 = -r + z*r, r + 3*q = -7. Calculate the remainder when r is divided by 6.
2
What is the remainder when 82 is divided by (-330)/(-10) - (-48)/(-16)*1/(-3)?
14
Suppose 4 = -3*v + g + g, 2*v - 3*g + 1 = 0. Calculate the remainder when 3 - -91 - 6/v is divided by 175 + -168 - (1 - (-8)/(-1)).
13
Let a(j) be the first derivative of 5*j**3/3 + 2*j**2 + 9*j - 5. What is the remainder when a(-6) is divided by (-18)/(-4)*(-84)/(-9)?
39
Suppose 3*d - 718 = 5*k - 114, 2*d - k = 398. Calculate the remainder when 268 is divided by d.
70
Suppose -2274279 = -7*z - 14*z. Calculate the remainder when 4/(-30) - z/(-555) is divided by 52.
39
Let u(f) = f**3 - f**2 - 3*f - 5. Let a be u(3). Suppose y + 2 = -a*w - 8, 25 = y - 3*w. Calculate the remainder when 41 is divided by y.
1
Suppose 0 = 5*h - l - 1, 5*h + 4 = -4*l. Calculate the remainder when ((-10494)/(-424))/(27/12 + -2) is divided by h + 3 + -5 - -27.
24
Suppose 0 = -5*t + 5*x + 2135, 5*x = -23 - 2. Let g = 432 - t. Calculate the remainder when 23 is divided by g.
3
Calculate the remainder when 1188 - ((-78)/10 + (-45)/225) is divided by 15.
11
Let b(z) = -5*z. Let f be 4/(-14) + 20/(-28). Let o be b(f). Suppose -o*i - 9*i + 378 = 0. What is the remainder when 75 is divided by i?
21
Suppose 320 = r + 4*l, -5*r + 879 = -4*l - 625. What is the remainder when r is divided by 98?
10
Suppose o = -4*q + 46, 141 = 4*o - 2*o + q. Calculate the remainder when 567 is divided by o.
49
Let g = -8126 - -8543. Calculate the remainder when 1305 is divided by g.
54
Let f(l) = -l**3 + 9*l**2 - 4*l + 53. What is the remainder when 34 is divided by f(9)?
0
Let k = -3128 - -3185. What is the remainder when 3076 is divided by k?
55
Suppose 0 = -g - 1, -46*o + 50*o - 2*g - 80210 = 0. What is the remainder when o is divided by 15?
12
Let s(y) = -y**3 - 10*y**2 + 21*y + 6. Let b = 14 - 22. Calculate the remainder when s(-12) is divided by (-86)/b - 5/(-20).
9
Let u(x) = 2*x**3 - 6*x**2 - 5*x - 35. Let r be (-11)/(99/(-70)) + 4/18. Calculate the remainder when u(r) is divided by 15.
10
Suppose -49*c - 120 + 259 = -890. Calculate the remainder when 309 is divided by c.
15
Suppose 3*m = -165*i + 166*i + 2312, 4*m = 4*i + 3064. What is the remainder when m is divided by 37?
33
Suppose 17*n - 127 = 247. What is the remainder when 156*(4 + -7 - 10/(-3)) is divided by n?
8
Let r(m) be the second derivative of -2*m**3/3 + 213*m**2/2 + 102*m. What is the remainder when r(-6) is divided by 122?
115
What is the remainder when (-12)/22 - 726525/(-2475) is divided by 159?
134
Suppose -2*a + f = -951, 0 = a + 11*f - 16*f - 444. Calculate the remainder when a is divided by 4.
3
Suppose 0 = -o + 16*i - 12*i + 3871, -30900 = -8*o - 2*i. What is the remainder when o is divided by 23?
22
Suppose 0 = -5*w - 3*x + 380, -4*w + 3*x + 470 = 139. Calculate the remainder when w is divided by 18/24 + 14363/1084.
9
Let c = 103 + -93. Let n(d) = -2*d**2 + 0 + 8 + c*d**2 - 3*d**2 - 10*d. Calculate the remainder when 91 is divided by n(3).
22
Let b(h) = 0*h**3 - 40 + h**3 - 2*h**2 + 3*h - 15*h + 7*h**2 + 39. What is the remainder when b(5) is divided by 16?
13
Suppose 2*t = 6*q - 8*q + 108, -242 = -5*t + 2*q. Let p = -10 + t. Suppose -21 - 55 = -4*d. Calculate the remainder when p is divided by d.
2
Suppose -10*i = -17*i - 14. What is the remainder when 415 is divided by i/(-6)*228/4?
16
Let q(o) be the third derivative of -o**4/24 + 47*o**3/6 - 2*o**2 + 4*o. What is the remainder when q(24) is divided by 4?
3
Let g = -6178 - -6836. What is the remainder when 1978 is divided by g?
4
Suppose -2*y - y + 501 = 0. Suppose -y = 5*f + 58. Let v = 46 + f. What is the remainder when 2 is divided by v?
0
Let f = 110 - 61. Let r = 743 + -680. Let s = r - f. Calculate the remainder when 68 is divided by s.
12
Suppose 5*f - 3055 = -2*n, -3*n + 2219 = 4*f - 218. What is the remainder when f is divided by 62?
55
Suppose -155 + 95663 = 84*s. Calculate the remainder when s is divided by 20.
17
Let h(r) = -r**3 - 10*r**2 + 18*r + 12. Let s be h(-12). Let x = s - -8. Let f = -89 + x. What is the remainder when f is divided by 1?
0
Let n = 426 - 387. Suppose 9*a = -5*y + 11*a + 65, -3*y + a + n = 0. What is the remainder when (0 - -1) + (-98)/(-2) is divided by y?
11
Suppose 31*h - 6991 - 11499 + 944 = 0. What is the remainder when h is divided by 120?
86
Let k(t) = t**3 - 19*t**2 - 5. Let w be k(19). Calculate the remainder when (15/w - 8)*-3 is divided by (4/(-2))/(-4) + 34/4.
6
Calculate the remainder when 2109 is divided by ((-3)/(-2))/(246/(-820)) + 27.
19
Let j(v) = -v**3 + 9*v**2 - 7*v + 6. Let i(s) = -s**3 + s**2 - 6*s + 27. Let h = -213 + 213. Calculate the remainder when i(h) is divided by j(8).
13
Suppose -9*t + 135 + 36 = 0. Calculate the remainder when 131 is divided by -6*3*(-5)/30 + t.
21
Let h(p) = -p**3 + 7*p**2 + 4*p - 7. Let c be ((-4)/14 - (-27)/(-126))*-14. Let f(o) = -o + 21. Calculate the remainder when h(c) is divided by f(9).
9
Suppose 2*w - o - 31 = 0, 5*w = 3*w + 4*o + 22. Suppose -100 = -8*c + 7*c. Suppose -44 = -3*g + c. Calculate the remainder when g is divided by w.
14
Let j(r) = r + 298. Calculate the remainder when j(-31) is divided by 16.
11
Let w(u) = 120*u**2 + 7*u - 48. What is the remainder when w(3) is divided by 44?
41
Let l(r) = 10*r**2 + 1035*r + 518. What is the remainder when 10431 is divided by l(-103)?
0
Suppose -13*p - 8*p = 0. Suppose -6*c + 51 + 39 = p. Let s(d) = d**2 + d + 3. What is the remainder when c is divided by s(0)?
0
Suppose 92*h + 71 = 5*r + 88*h, 30 = 3*r - h. Calculate the remainder when 134/(-12)*2*-6 is divided by r.
1
Suppose 1975 = 4*m + 2*l - 2077, -2*l - 5065 = -5*m. What is the remainder when m is divided by 64?
53
Suppose 3*m = -5*a + 674, 4*m - 2*a = 528 + 310. Calculate the remainder when 619 is divided by m.
193
Let g(k) = 4*k - 46. Let i(o) = -3*o + 45. Let q(r) = 2*g(r) + 3*i(r). Suppose 0 = 5*z - 34 - 71. What is the remainder when 129 is divided by q(z)?
19
Let o(q) = -10*q - 87. Let v be o(-25). Suppose -11*k + v = -134. Calculate the remainder when k is divided by 4.
3
Calculate the remainder when (8 + -7 - 0) + 88/4 is divided by 23.
0
Let s(j) = -j**2 - 45*j + 4038. What is the remainder when 1280 is divided by s(43)?
10
Let q(x) = -4*x**2 + 8*x + 5. Let m be q(-6). Let y = 263 + m. Calculate the remainder when y is divided by ((-6)/9)/((-32)/960).
16
Suppose q - 4*q = 9*q. Let r(i) = i**2 + 3*i + 4. What is the rem